{"id":2,"date":"2018-10-15T12:46:27","date_gmt":"2018-10-15T10:46:27","guid":{"rendered":"http:\/\/www.tecnoprogress.org\/Beta\/?page_id=2"},"modified":"2019-01-15T18:23:36","modified_gmt":"2019-01-15T17:23:36","slug":"noi","status":"publish","type":"page","link":"https:\/\/www.tecnoprogress.org\/Beta\/noi\/","title":{"rendered":"L&#8217;Azienda"},"content":{"rendered":"<p>La <b>Tecrnoprogress Srl<\/b> \u00e8 una azienda che opera da diversi anni nel settore della costruzione, assistenza e manutenzioni di macchine ed impianti di processo industriale in risposta alle specifiche esigenze dei clienti. L&#8217;azienda svolge la propria attivit\u00e0 in uno stabilimento sito nella zona industriale di Eboli (SA) all&#8217;interno del quale ha allestito reparti operativi adeguatamente attrezzati, di Carpenteria Metallica, Verniciatura, Macchine Utensili ed assemblaggio (meccanico, elettrico, pneumatico, oleodinamico, ecc.).<\/p>\n<p>Inoltre il nostro personale, per specifiche tipologie di lavorazioni (installazioni, manutenzioni, montaggi, smontaggi, ecc.), opera direttamente presso la sede del cliente per mezzo di unit\u00e0 mobili adeguatamente attrezzate.<\/p>\n\t\t\t<style>\r\n                #foogallery-gallery-673.fg-simple_portfolio {\r\n                    justify-content: center;\r\n                }\r\n                #foogallery-gallery-673.fg-simple_portfolio .fg-item {\r\n                    flex-basis: 250px;\r\n                    margin: 40px;\r\n                }\r\n\t\t\t<\/style>\r\n\t\t\t<div class=\"foogallery foogallery-container foogallery-simple_portfolio foogallery-lightbox-none fg-simple_portfolio fg-light fg-border-thin fg-shadow-outline fg-loaded-fade-in fg-caption-always fg-hover-fade fg-ready fg-caption-always\" id=\"foogallery-gallery-673\" data-foogallery=\"{&quot;item&quot;:{&quot;showCaptionTitle&quot;:true,&quot;showCaptionDescription&quot;:true},&quot;lazy&quot;:true}\" >\r\n\t<div class=\"fg-item fg-type-image fg-idle\"><figure class=\"fg-item-inner\"><a data-attachment-id=\"674\" class=\"foogallery-thumb  fg-thumb\"><span class=\"fg-image-wrap\"><img class=\"bf-img skip-lazy fg-image\" height=\"200\" width=\"250\" data-src-fg=\"https:\/\/www.tecnoprogress.org\/Beta\/wp-content\/uploads\/cache\/2019\/01\/DSC0009\/3613772234.jpg\" src=\"data:image\/svg+xml,%3Csvg%20xmlns%3D%22http%3A%2F%2Fwww.w3.org%2F2000%2Fsvg%22%20width%3D%22250%22%20height%3D%22200%22%20viewBox%3D%220%200%20250%20200%22%3E%3C%2Fsvg%3E\"><\/span><span class=\"fg-image-overlay\"><\/span><\/a><figcaption class=\"fg-caption\"><div class=\"fg-caption-inner\"><\/div><\/figcaption><\/figure><div class=\"fg-loader\"><\/div><\/div><div class=\"fg-item fg-type-image fg-idle\"><figure class=\"fg-item-inner\"><a data-attachment-id=\"675\" class=\"foogallery-thumb  fg-thumb\"><span class=\"fg-image-wrap\"><img class=\"bf-img skip-lazy fg-image\" height=\"200\" width=\"250\" data-src-fg=\"https:\/\/www.tecnoprogress.org\/Beta\/wp-content\/uploads\/cache\/2019\/01\/DSC0024\/1006885117.jpg\" src=\"data:image\/svg+xml,%3Csvg%20xmlns%3D%22http%3A%2F%2Fwww.w3.org%2F2000%2Fsvg%22%20width%3D%22250%22%20height%3D%22200%22%20viewBox%3D%220%200%20250%20200%22%3E%3C%2Fsvg%3E\"><\/span><span class=\"fg-image-overlay\"><\/span><\/a><figcaption class=\"fg-caption\"><div class=\"fg-caption-inner\"><\/div><\/figcaption><\/figure><div class=\"fg-loader\"><\/div><\/div><div class=\"fg-item fg-type-image fg-idle\"><figure class=\"fg-item-inner\"><a data-attachment-id=\"676\" class=\"foogallery-thumb  fg-thumb\"><span class=\"fg-image-wrap\"><img class=\"bf-img skip-lazy fg-image\" height=\"200\" width=\"250\" data-src-fg=\"https:\/\/www.tecnoprogress.org\/Beta\/wp-content\/uploads\/cache\/2019\/01\/DSC0010\/1652268642.jpg\" src=\"data:image\/svg+xml,%3Csvg%20xmlns%3D%22http%3A%2F%2Fwww.w3.org%2F2000%2Fsvg%22%20width%3D%22250%22%20height%3D%22200%22%20viewBox%3D%220%200%20250%20200%22%3E%3C%2Fsvg%3E\"><\/span><span class=\"fg-image-overlay\"><\/span><\/a><figcaption class=\"fg-caption\"><div class=\"fg-caption-inner\"><\/div><\/figcaption><\/figure><div class=\"fg-loader\"><\/div><\/div><\/div>\n<hr style=\"width:80%;\">\n<p><b>Tecrnoprogress Srl<\/b> negli anni ha sempre avuto come principale obiettivo, la totale soddisfazione del cliente, proponendo servizi e prodotti di elevata qualit\u00e0 nel rispetto dei termini contrattuali stabiliti; in tale ottica sin dall&#8217;inizio la struttura si \u00e8 dotata di un Sistema Qualit\u00e0, in conformit\u00e0 alle norme UNI EN ISO 9001.<\/p>\n<p>In conseguenza della notevole esperienza acquisita e della fiducia conferitaci dal mercato, \u00e8 maturata l\u2019ambizione e la consapevolezza di poter servire Clienti di maggiore importanza presenti sullo scenario nazionale ed internazionale.<\/p>\n<p>Al fine di fornirvi alcune informazioni per la valutazione della nostra idoneit\u00e0 come fornitori\/partner, ecco un elenco delle principali <a href=\"http:\/\/www.tecnoprogress.org\/Beta\/\/collaborazioni-referenze\/\">referenze aziendali<\/a><\/p>\n","protected":false},"excerpt":{"rendered":"<p>La Tecrnoprogress Srl \u00e8 una azienda che opera da diversi anni nel settore della costruzione, assistenza e manutenzioni di macchine ed impianti di processo industriale in risposta alle specifiche esigenze dei clienti. L&#8217;azienda svolge la propria attivit\u00e0 in uno stabilimento sito nella zona industriale di Eboli (SA) all&#8217;interno del quale ha allestito reparti operativi adeguatamente [&hellip;]<\/p>\n","protected":false},"author":2,"featured_media":0,"parent":0,"menu_order":0,"comment_status":"closed","ping_status":"open","template":"fullwidth.php","meta":[],"_links":{"self":[{"href":"https:\/\/www.tecnoprogress.org\/Beta\/wp-json\/wp\/v2\/pages\/2"}],"collection":[{"href":"https:\/\/www.tecnoprogress.org\/Beta\/wp-json\/wp\/v2\/pages"}],"about":[{"href":"https:\/\/www.tecnoprogress.org\/Beta\/wp-json\/wp\/v2\/types\/page"}],"author":[{"embeddable":true,"href":"https:\/\/www.tecnoprogress.org\/Beta\/wp-json\/wp\/v2\/users\/2"}],"replies":[{"embeddable":true,"href":"https:\/\/www.tecnoprogress.org\/Beta\/wp-json\/wp\/v2\/comments?post=2"}],"version-history":[{"count":9,"href":"https:\/\/www.tecnoprogress.org\/Beta\/wp-json\/wp\/v2\/pages\/2\/revisions"}],"predecessor-version":[{"id":711,"href":"https:\/\/www.tecnoprogress.org\/Beta\/wp-json\/wp\/v2\/pages\/2\/revisions\/711"}],"wp:attachment":[{"href":"https:\/\/www.tecnoprogress.org\/Beta\/wp-json\/wp\/v2\/media?parent=2"}],"curies":[{"name":"wp","href":"https:\/\/api.w.org\/{rel}","templated":true}]}}